se
Is 13585117907 prime?
True
Is 136512022021 a prime number?
True
Is 77767769 a composite number?
False
Is 4845219 composite?
True
Is 3967078627 prime?
True
Is 38838291 prime?
False
Is 145918051 composite?
False
Is 63938480187 prime?
False
Is 39962889493 prime?
True
Is 101459268919 prime?
True
Is 5880587303 a prime number?
True
Is 3160946267 prime?
False
Is 19298937367 a composite number?
True
Is 76980946857 a prime number?
False
Is 13783484441 a prime number?
False
Is 24774495661 a prime number?
False
Is 21537370661 a prime number?
False
Is 26684849647 composite?
False
Is 2662759327 a prime number?
True
Is 118673761 composite?
True
Is 1465935815 prime?
False
Is 1477991497 prime?
True
Is 77854248179 a prime number?
False
Is 134366135563 a prime number?
False
Is 8194367303 a composite number?
False
Is 69942546373 prime?
False
Is 260188637 a prime number?
True
Is 11395118431 composite?
True
Is 28118412259 a composite number?
True
Is 4733780239 a prime number?
True
Is 4839333909 a prime number?
False
Is 30007685159 a prime number?
False
Is 6294878483 a composite number?
False
Is 972089403 prime?
False
Is 49957087007 prime?
True
Is 795970001 prime?
True
Is 332682299 prime?
False
Is 24004645901 prime?
True
Is 28485126535 a prime number?
False
Is 7517363 a composite number?
True
Is 662184877 a prime number?
True
Is 574093459 a prime number?
False
Is 945027659 composite?
False
Is 21834726073 a composite number?
False
Is 512397601 a prime number?
True
Is 851929678 a prime number?
False
Is 15058408993 a prime number?
True
Is 1651556939 composite?
False
Is 23632989547 composite?
False
Is 17793424139 a composite number?
False
Is 1987687591 a prime number?
False
Is 1125512711 a prime number?
False
Is 1094786207 a composite number?
False
Is 678463637 a prime number?
False
Is 13277388221 composite?
True
Is 1445230403 a prime number?
True
Is 284418017 a composite number?
True
Is 6843594529 a composite number?
False
Is 1089451661 composite?
True
Is 8118536873 a composite number?
True
Is 4694634907 prime?
True
Is 1836826669 prime?
False
Is 242030231 prime?
True
Is 49241495045 composite?
True
Is 8251337443 prime?
False
Is 20248380461 prime?
True
Is 463582579 a composite number?
False
Is 54447137047 a prime number?
True
Is 95014283467 a prime number?
True
Is 1673210347 composite?
False
Is 691285121 prime?
True
Is 10517062613 composite?
False
Is 4709870639 a composite number?
False
Is 455316241 a prime number?
False
Is 248654107783 a prime number?
True
Is 1270773199 composite?
False
Is 30757903091 prime?
True
Is 41934832289 a prime number?
False
Is 518660911 composite?
True
Is 5132484677 a prime number?
False
Is 6863115029 a composite number?
True
Is 208097484227 composite?
False
Is 51034651 a prime number?
True
Is 350577527 a prime number?
True
Is 84271111 composite?
True
Is 20661207239 a prime number?
True
Is 74396350423 a prime number?
False
Is 720815206 composite?
True
Is 334071691 composite?
False
Is 924154157 a composite number?
False
Is 163161871 prime?
True
Is 2272542539 prime?
True
Is 501660671 a composite number?
False
Is 60314271991 a prime number?
True
Is 38330108473 a composite number?
True
Is 195163824001 prime?
True
Is 124435850543 composite?
True
Is 2029572707 a composite number?
False
Is 1613724767 a prime number?
False
Is 51733851958 a prime number?
False
Is 2767467883 a prime number?
False
Is 13673525933 composite?
True
Is 21832537663 a composite number?
False
Is 22362977467 a composite number?
False
Is 11639499637 a prime number?
True
Is 1102839701 prime?
False
Is 1432814447 composite?
True
Is 10580759221 a composite number?
False
Is 296470573981 prime?
False
Is 294004747 a prime number?
True
Is 2730654097 composite?
False
Is 10833132491 a composite number?
True
Is 602531309 prime?
False
Is 45865895381 a prime number?
True
Is 2896855631 prime?
True
Is 14317458523 composite?
False
Is 27692205263 prime?
True
Is 1244373181 a prime number?
True
Is 193885715141 prime?
True
Is 26530786714 a prime number?
False
Is 384568529 a prime number?
False
Is 111407 composite?
True
Is 29758388807 composite?
True
Is 1518885611 prime?
False
Is 2754362993 prime?
True
Is 19998869021 a prime number?
False
Is 9063419201 a composite number?
False
Is 1512812789 a prime number?
False
Is 7678514813 a prime number?
False
Is 6917796737 a composite number?
True
Is 29750370017 composite?
False
Is 76111955251 composite?
False
Is 38043324019 a composite number?
False
Is 10688702578 composite?
True
Is 85516247257 a prime number?
False
Is 272114399 a prime number?
True
Is 70013176879 prime?
True
Is 83662949 prime?
True
Is 3455390191 a prime number?
False
Is 1751610919 a prime number?
False
Is 12263634979 composite?
True
Is 148654337 composite?
True
Is 15736893269 a prime number?
False
Is 32053708787 a prime number?
False
Is 788456723 a composite number?
True
Is 395791379 a prime number?
True
Is 52696124413 prime?
True
Is 5490917987 a prime number?
True
Is 37303415803 composite?
True
Is 1854440477 a composite number?
False
Is 2420247677 composite?
True
Is 15287395577 a prime number?
True
Is 132638315599 a composite number?
False
Is 1250029279 a composite number?
True
Is 404074747 prime?
False
Is 14643401813 composite?
False
Is 6522218299 composite?
True
Is 12227008009 prime?
False
Is 186779029 composite?
True
Is 450870307 composite?
False
Is 103739924453 a composite number?
True
Is 104946289619 a prime number?
True
Is 6611799743 a composite number?
True
Is 106941228155 a composite number?
True
Is 6473830241 a prime number?
False
Is 38950426777 prime?
True
Is 7290949663 prime?
True
Is 13162913711 a prime number?
True
Is 29056388759 a prime number?
False
Is 5897947613 a composite number?
False
Is 595623983 composite?
False
Is 580205741 a prime number?
False
Is 3143596241 a prime number?
True
Is 18834212323 a prime number?
False
Is 62378126427 prime?
False
Is 161004537641 a composite number?
False
Is 4520793749 a composite number?
True
Is 657589351 a composite number?
False
Is 46925238785 prime?
False
Is 653425541 a composite number?
True
Is 16381365431 a composite number?
False
Is 6240008581 a prime number?
True
Is 4223765489 prime?
True
Is 11558966897 composite?
False
Is 880520891 prime?
False
Is 27847706321 a prime number?
True
Is 1918370019 prime?
False
Is 8940429031 composite?
True
Is 16106327711 a prime number?
True
Is 869962763 composite?
True
Is 6957871721 prime?
True
Is 2730550913 a composite number?
True
Is 13963351373 a composite number?
False
Is 19778250031 a composite number?
False
Is 678304927 a prime number?
False
Is 966528179 prime?
False
Is 60026637761 composite?
True
Is 43944990811 a prime number?
False
Is 108901535599 a prime number?
False
Is 224453597 composite?
False
Is 848390509 a prime number?
False
Is 1534225709 prime?
False
Is 122024233 composite?
False
Is 398115811 a prime number?
True
Is 3509775659 a prime number?
False
Is 114414847 a prime number?
False
Is 188718155 a composite number?
True
Is 1118822231 composite?
True
Is 644373131 prime?
False
Is 1216598857 composite?
True
Is 35057213947 a prime number?
False
Is 61231641751 a prime number?
False
Is 19749074537 a prime number?
False
Is 11497836743 a composite number?
True
Is 50356983 composite?
True
Is 4717249717 prime?
False
Is 5373576655 a composite number?
True
Is 494651063 composite?
False
Is 667903247 composite?
True
Is 4394589 a composite number?
True
Is 5265288307 composite?
False
Is 4941590033 composite?
False
Is 15218246419 composite?
True
Is 3822191969 a prime number?
True
Is 1370264797 a prime number?
False
Is 38608720379 a prime number?
False
Is 249562423 prime?
False
Is 727247867 composite?
False
Is 2365935313 a composite number?
True
Is 38231891 composite?
False
Is 510618173 a prime number?
False
Is 5791955149 a composite number?
True
Is 393816539 a composite number?
True
Is 141025901 prime?
False
Is 20619509033 a prime number?
True
Is 28698024521 composite?
False
Is 4777866703 a prime number?
False
Is 723175681 prime?
True
Is 140872302071 composite?
False
Is 15891216433 prime?
True
Is 214451411 composite?
False
Is 3496688023 a composite number?
False
Is 824560001 composite?
True
Is 32809724573 composite?
True
Is 484408733 prime?
True
Is 1860131941 composite?
True
Is 46097478419 a com